e 12?
277
What is -403 (base 6) in base 8?
-223
Convert -221210122 (base 3) to base 2.
-100100101111001
What is -1020222000 (base 3) in base 8?
-60267
867 (base 15) to base 8
3551
Convert 13201 (base 5) to base 12.
737
What is 33c9 (base 14) in base 9?
13306
Convert -2089 (base 14) to base 4.
-1113221
What is -2303 (base 5) in base 16?
-148
What is 40161 (base 8) in base 2?
100000001110001
Convert 1909a (base 13) to base 16.
bd4d
104403 (base 5) to base 3
12010002
What is 1033 (base 6) in base 14?
12d
Convert 11011010 (base 4) to base 2.
101000101000100
121242 (base 5) to base 9
6240
Convert -431 (base 5) to base 7.
-224
What is -6a (base 12) in base 8?
-122
Convert 30733 (base 8) to base 9.
18451
Convert -200333 (base 4) to base 7.
-6104
40285 (base 9) to base 4
12131303
What is -10100011110 (base 2) in base 13?
-79a
Convert -5c5 (base 14) to base 6.
-5201
Convert 312211 (base 5) to base 16.
2842
-130142 (base 5) to base 12
-2b07
Convert ee0 (base 15) to base 9.
4543
2542 (base 8) to base 10
1378
What is 52c1 (base 13) in base 4?
2303120
Convert -1011211 (base 3) to base 15.
-3c4
6396 (base 11) to base 5
232304
What is -4fc (base 16) in base 13?
-772
What is -100001000100 (base 2) in base 5?
-31431
8086 (base 12) to base 6
144250
Convert 489 (base 14) to base 11.
753
-598 (base 15) to base 9
-1658
1443 (base 7) to base 3
210010
Convert -2301202 (base 4) to base 9.
-16524
What is -60d9 (base 15) in base 11?
-14405
-c5db (base 14) to base 10
-34101
12013030 (base 4) to base 3
1021100021
2633 (base 16) to base 14
37c7
1101000011000 (base 2) to base 10
6680
Convert -6cc (base 13) to base 4.
-102132
-53 (base 13) to base 4
-1010
Convert 323 (base 11) to base 2.
110000100
What is 533 (base 6) in base 3?
21110
-1222121 (base 5) to base 12
-1166b
141442 (base 5) to base 15
1b17
Convert 42 (base 16) to base 14.
4a
What is -c87 (base 15) in base 6?
-21031
What is -101110110100110 (base 2) in base 13?
-abb2
Convert -111021 (base 3) to base 6.
-1354
-7880 (base 9) to base 11
-4414
Convert -1a0 (base 12) to base 11.
-220
-1674 (base 8) to base 9
-1272
What is 222331 (base 4) in base 14?
1005
-1100011110110 (base 2) to base 7
-24426
What is 12c1a (base 14) in base 12?
22948
-120101201 (base 3) to base 9
-16351
Convert 21440 (base 7) to base 6.
40505
Convert 288 (base 14) to base 11.
426
Convert 4073 (base 13) to base 10.
8882
Convert -111010001 (base 2) to base 15.
-210
Convert 35422 (base 8) to base 12.
8902
Convert -375d (base 15) to base 12.
-69a4
-156d (base 15) to base 3
-20022111
Convert -135526 (base 8) to base 16.
-bb56
Convert 32832 (base 11) to base 10.
47588
What is 10020102 (base 3) in base 11?
1856
Convert 60255 (base 7) to base 4.
3203100
Convert 125423 (base 8) to base 3.
2020002001
Convert -100110100100000 (base 2) to base 13.
-8caa
-10744 (base 9) to base 16
-1c00
What is 16bb8 (base 14) in base 3?
2220110110
Convert 10010000111111000 (base 2) to base 11.
50854
What is 285 (base 14) in base 6?
2205
Convert 40 (base 6) to base 11.
22
Convert -10200011 (base 3) to base 4.
-221311
Convert -69a5 (base 13) to base 9.
-22316
What is 15 (base 8) in base 13?
10
Convert 8622 (base 15) to base 11.
1a362
-4c6b (base 13) to base 2
-10101010011001
What is 704 (base 13) in base 3?
1121222
What is -1011022102 (base 3) in base 14?
-8466
Convert ac (base 16) to base 11.
147
Convert -3553 (base 14) to base 5.
-244120
What is 177c (base 13) in base 9?
4700
What is 1112220 (base 3) in base 11?
939
Convert 7275 (base 10) to base 8.
16153
Convert -14614 (base 7) to base 9.
-5531
What is -35bc (base 15) in base 4?
-2302203
1234 (base 6) to base 13
1ab
What is -2ec (base 16) in base 9?
-1021
21 (base 11) to base 5
43
-30133 (base 6) to base 12
-2349
-18e39 (base 15) to base 5
-10041304
-36454 (base 7) to base 6
-111544
c22 (base 14) to base 16
94e
What is 67b (base 12) in base 9?
1275
-111 (base 10) to base 8
-157
-303 (base 11) to base 15
-196
235221 (base 6) to base 11
14532
-1594 (base 15) to base 16
-121f
Convert d90 (base 15) to base 9.
4170
Convert -19250 (base 10) to base 6.
-225042
-1022212 (base 3) to base 13
-596
-14b7 (base 12) to base 8
-4613
-111131 (base 7) to base 14
-7218
-71e (base 16) to base 6
-12234
What is 11230230 (base 4) in base 14?
8712
What is -12235 (base 8) in base 3?
-21020110
-6e3 (base 15) to base 8
-3033
-a563 (base 12) to base 6
-215403
-21041 (base 5) to base 7
-4033
Convert -2052 (base 13) to base 3.
-20010020
What is -1c97 (base 13) in base 14?
-1829
Convert -6277 (base 11) to base 13.
-3a25
What is 15060 (base 7) in base 3?
12201000
21210 (base 3) to base 10
210
145276 (base 8) to base 12
26052
Convert -200022222 (base 3) to base 13.
-6110
Convert -120542 (base 6) to base 10.
-10574
Convert -b4 (base 15) to base 8.
-251
What is -22002110 (base 4) in base 15?
-c2a8
6232 (base 7) to base 8
4203
Convert -270 (base 14) to base 9.
-604
2451 (base 6) to base 2
1001011111
What is -357 (base 8) in base 14?
-131
What is 11001111011 (base 2) in base 3?
2021110
705 (base 10) to base 3
222010
Convert 101340 (base 5) to base 13.
16a4
1100001100 (base 2) to base 11
64a
c1 (base 15) to base 12
131
-457 (base 8) to base 9
-366
13232231 (base 4) to base 9
47378
Convert -10 (base 4) to base 15.
-4
What is 61 (base 13) in base 11?
72
What is 1111110000101110 (base 2) in base 7?
356134
-100000101 (base 2) to base 10
-261
Convert 12b (base 12) to base 13.
10a
What is -63217 (base 8) in base 2?
-110011010001111
-226 (base 9) to base 14
-d4
Convert 3254 (base 13) to base 12.
4072
Convert -6203 (base 8) to base 4.
-302003
What is -21511 (base 7) in base 2?
-1010100010110
What is 24019 (base 10) in base 14?
8a79
Convert 255 (base 14) to base 16.
1d3
Convert -1003002 (base 4) to base 16.
-10c2
What is 132141 (base 5) in base 3?
21021011
What is 313042 (base 5) in base 8?
24235
What is -34204 (base 8) in base 5?
-430333
Convert -6848 (base 13) to base 8.
-34402
What is 32236 (base 7) in base 9?
11884
22a50 (base 12) to base 5
2441203
2251 (base 6) to base 14
2a3
502 (base 9) to base 3
120002
Convert 7632 (base 11) to base 5.
310303
Convert -13342 (base 5) to base 2.
-10001001001
What is -86b4 (base 14) in base 12?
-11586
What is 1560 (base 8) in base 7?
2365
What is -10100 (base 5) in base 15?
-2d5
What is c3c (base 14) in base 7?
10005
Convert -3579 (base 10) to base 6.
-24323
What is 99b (base 15) in base 14?
b11
-32212332 (base 4) to base 2
-1110100110111110
What is -222201 (base 4) in base 13?
-1314
-105110 (base 6) to base 8
-21302
Convert 11000011010110 (base 2) to base 8.
30326
What is 1b7d (base 14) in base 9?
6777
What is -781 (base 11) in base 3?
-1021200
Convert -1d0 (base 14) to base 9.
-460
What is 4b3 (base 15) in base 11?
891
What is -13751 (base 8) in base 3?
-22101201
What is -37 (base 15) in base 3?
-1221
272 (base 10) to base 14
156
What is -12256 (base 8) in base 3?
-21021002
What is -3475 (base 9) in base 12?
-15ab
What is 102201122 (base 3) in base 12?
4b45
Convert -3494 (base 11) to base 6.
-33112
1020010 (base 3) to base 13
53a
What is 122143 (base 8) in base 5?
2321313
What is 4004 (base 7) in base 3?
1212222
Convert 130351 (base 6) to base 8.
27033
Convert 1217 (base 8) to base 2.
1010001111
Convert 5478 (base 9) to base 6.
30412
Convert -1008b (base 12) to base 14.
-784b
-2211020 (base 3) to base 13
-c24
-12245 (base 6) to base 7
-5222
What is 63 (base 16) in base 15?
69
What is -3843 (base 9) in base 15?
-cb9
Convert 12b (base 13) to base 7.
413
-331 (base 6) to base 4
-1333
1349 (base 11) to base 9
2351
What is 222223 (base 4) in base 8?
5253
Convert -15 (base 12) to base 14.
-13
Convert -110001101111100 (base 2) to base 10.
-25468
Convert 1010223 (base 4) to base 5.
120040
What is 112010210 (base 3) in base 10?
10308
-e0 (base 16) to base 12
-168
Convert -2331 (base 4) to base 3.
-21000
What is 125414 (base 6) in base 7?
45553
What is 20200012 (base 3) in base 14?
1ab7
Convert -3171 (base 12) to base 7.
-21532
What is 210 (base 7) in base 15?
70
-476 (base 14) to base 5
-12023
-651 (base 16) to base 4
-121101
-351435 (base 6) to base 12
-1557b
Convert -37b (base 13) to base 14.
-317
1101100111110 (base 2) to base 3
100120022
Convert 4240 (base 12) to base 7.
30063
2233 (base 6) to base 7
1350
What is 2b5 (base 15) in b